8 + -15. Let q = -3 - -5. Suppose q*k - 5 = y. What are the prime factors of k?
2, 7
Suppose 0 = -5*v - 174 + 19. Let l = v + 58. What are the prime factors of l?
3
Let m = 8 - 5. Let y = 11 - 9. Suppose -2*c + 18 = -4*w, -71 = -y*c - m*c - 3*w. What are the prime factors of c?
13
Let x(v) = -v + 1. Let h be x(-8). Suppose h = 2*p + j, -1 - 5 = -2*p - 4*j. Suppose 0*w + p*w = 70. List the prime factors of w.
2, 7
Suppose -3*t - y = -194, -y - 13 = -2*t + 113. List the prime factors of t.
2
Suppose 4*k - 400 = -3*s, 10 = 3*s + 3*k - 386. List the prime factors of s.
2
Let u(i) = -i**3 - 5*i**2 - 6*i + 2. What are the prime factors of u(-6)?
2, 37
Let f(l) = 5*l**2 - 1. Let d be f(-1). Let q = 6 - d. Suppose 0 = -q*v - 0*v + 10. What are the prime factors of v?
5
Suppose -5*y - 52 = -22. Let j = -4 - y. List the prime factors of j.
2
Let t(a) = -149*a + 6. What are the prime factors of t(-1)?
5, 31
Suppose 0 = -4*r + 26 + 70. List the prime factors of r/(-8) - (0 - 9).
2, 3
Let h(g) = 2*g + g - g. Let n be h(1). Suppose n*o + 14 = 4*o. What are the prime factors of o?
7
Suppose -h - 1 = -0*h. Let q be h + 32 - (0 - 1). Suppose 0 = -3*w - w + q. List the prime factors of w.
2
Suppose 5*a - a - 12 = 0. Suppose -s + 2 = k, -4*s + 3*s + 4*k = -7. Suppose s + a = 3*o. List the prime factors of o.
2
Let u = -5 + -1. Let k(n) = -n**2 - 7*n - 7. Let i be k(u). Let h(c) = -15*c**3 - c**2. List the prime factors of h(i).
2, 7
Let h be 14/(-4)*(-2 + -2). Let y = -9 + h. Suppose -y*l + 2*v = -12, 2*l + 4*v + v - 28 = 0. List the prime factors of l.
2
Let w = 61 - 120. What are the prime factors of 7/(-14)*(w + -1)?
2, 3, 5
Let r(j) be the second derivative of -j**7/2520 + j**6/80 + j**5/120 - j**4/6 + j. Let w(c) be the third derivative of r(c). List the prime factors of w(7).
3, 5
Suppose -y = -2*d + 4 - 5, -5*d + 25 = 3*y. Suppose -d + 57 = 5*p. List the prime factors of p.
11
Suppose 3*x - 104 = -5*x. List the prime factors of x.
13
Suppose 0 = 3*t - h - 2*h - 111, h - 35 = -t. What are the prime factors of t?
2, 3
Suppose 7*f - 140 = 3*f. What are the prime factors of f?
5, 7
Let j(w) = -w**2 + 8*w - 3. Let r be j(7). Suppose -r*y - 4 = -i - 22, 5*i = -3*y + 2. Suppose 2*b - 3 + 9 = 2*s, -y*s + 5*b = -12. List the prime factors of s.
3
Let p(s) = 4*s**3 + 7*s**2 - 5*s. Let l(n) = 7*n - 3*n**3 - 8*n**2 + 2*n**2 - 3*n. Let w(a) = -7*l(a) - 6*p(a). What are the prime factors of w(-2)?
2, 5
Let c(s) = 5*s**2 + 7 - s + 4*s**2 + s**3 - 2*s + 10*s. Let q = -14 - -6. What are the prime factors of c(q)?
3, 5
Let k = 2 - 2. Let c be 9*(1/3 + 1). Let p = c - k. What are the prime factors of p?
2, 3
Suppose w - 2*x - 13 = 0, 52 = -4*w + 8*w + 2*x. Let z = w + -4. What are the prime factors of z?
3
Suppose 0 = 4*z - 7 - 29. Let a be (-2)/6 - (-21)/z. Let g(t) = -t**3 + 3*t**2 - 1. List the prime factors of g(a).
3
Suppose 0*a = -5*a - 5. List the prime factors of (-34)/(-3) + a/3.
11
Let x(m) = m - 3. Let j(y) = y - 1. Let s(q) = -5*j(q) + 2*x(q). Let k be (-1 - 0)*(6 - 1). List the prime factors of s(k).
2, 7
Suppose 8*d - 253 - 123 = 0. List the prime factors of d.
47
Let y(j) = 4*j**3 + j**2 - 1. Let a be y(1). Let t = -4 - -22. Suppose -2*s - t = -q - q, a*q - 36 = -4*s. List the prime factors of q.
3
Suppose -3 + 4 = -4*u + y, 0 = 5*u - 5*y + 5. Let r(x) = x + 6. Let f be r(u). What are the prime factors of (-9)/2*(-16)/f?
2, 3
Let n(j) = 5*j**2 - j + 1. Let t(k) = 6*k**2 - k + 2. Let a(l) = 4*n(l) - 3*t(l). Suppose 0 = -3*c + 2 + 4. What are the prime factors of a(c)?
2
Let p(b) = b**3 - 2*b**2 + 3*b - 1. Suppose 5*g + 3 = 3*x - 8, -5*x = -3*g - 13. What are the prime factors of p(x)?
5
Let w = 8 + -4. Let v be (-1 - w)*(-6 + 5). Let x = 8 - v. List the prime factors of x.
3
Suppose -z - z = -2. Suppose -s - z + 3 = 0. What are the prime factors of 9 + (1 - -3)/s?
11
Let z(q) = q**2 + 8*q - 18. Let p be z(-13). Let s = p + -16. List the prime factors of s.
31
List the prime factors of -10 - -13 - (-52 + 0).
5, 11
Let j(r) = 16*r**2 - r + 1. Suppose f + 4 - 5 = 0. List the prime factors of j(f).
2
Let k(u) = -u**2 - 20*u + 17. Let g(n) = 7*n - 6. Let x(t) = -11*g(t) - 4*k(t). List the prime factors of x(2).
2, 5
Let y(b) = -b**3 + 5*b**2 + 2*b - 6. Let o be y(5). Let l be -10 - (o/2 + -3). List the prime factors of (12/l)/4*-9.
3
Let c(g) = 7*g + 4. Let a be c(-6). Let b = a - -54. List the prime factors of b.
2
Let i(s) = 9*s - 10*s**2 + 4*s**2 - 4 + 7*s**2 + 10. List the prime factors of i(-9).
2, 3
Let d be 1 + (-1 + 0)/1. Suppose -a = -3 - 3. What are the prime factors of 2 - (d - a/3)?
2
Let r = 2 + 146. List the prime factors of r.
2, 37
Let v(u) = u**3 + 6*u**2 + 4*u + 6. What are the prime factors of v(-5)?
11
Let v(u) = 11*u**2 + 13*u + 12. Let a(q) = 5*q**2 + 7*q + 6. Let w(c) = 7*a(c) - 3*v(c). List the prime factors of w(-6).
2, 3
Let f(h) = h - 3. Let o be f(-5). Let m(d) = d**3 + 7*d**2 - 11*d - 10. List the prime factors of m(o).
2, 7
Let a(w) = w - 3. Let u be a(3). Suppose -3*p + 13 = -y, u = -2*p - 2*y + 7*y. Suppose -2*s = -21 + p. List the prime factors of s.
2
Let m = -79 - -118. Let n be m + (6/3 - 5). Let k = -14 + n. What are the prime factors of k?
2, 11
Let w be 6/(-10) + 65/25. Suppose 0 = w*d - 6*d + 24. List the prime factors of d.
2, 3
Let w(c) = 2*c - 1. Let x be w(-3). Let j(y) = y**2 + 4*y - 7. Let a be j(x). Let b = -5 + a. What are the prime factors of b?
3
What are the prime factors of 1640/32 + (-2)/8?
3, 17
Let c(k) = -k**3 - 5*k**2 - 5*k - 1. Let x be c(-4). What are the prime factors of x*(-2 + 24/9)?
2
Let u be 4/(-5)*10/(-1). Suppose k = -u + 15. List the prime factors of k.
7
Let h = -15 - -45. Suppose -4*y + 53 = 137. Let z = h + y. List the prime factors of z.
3
List the prime factors of (-150)/(-2) - (0 - -2).
73
Suppose 5*d = 3*q + 1242, 7*q + 20 = 2*q. List the prime factors of d.
2, 3, 41
Suppose 4*b = 6*r - 3*r + 15, 4*r = 3*b - 20. Suppose 25 = -5*v, b = p + 3*v - 17. What are the prime factors of p?
2
What are the prime factors of (-4)/(-1) + 38 + 4?
2, 23
Let u(z) = 8*z**3 - z**2 + z + 2. List the prime factors of u(2).
2
Let z = -5 + 2. Let w be -2 + (-3)/z + 0. Let b = 9 + w. What are the prime factors of b?
2
Let l be 2/(-7) + (-2)/(-7). Suppose l*r = 2*r - 44. Suppose 2*h = 5*c + 25, 2*h + 2*c - 4*c = r. List the prime factors of h.
2, 5
Let v = 3 - 1. Suppose -2*k + v = -8. Suppose 4*n - k*n + 4 = 0. List the prime factors of n.
2
Let x be (-4)/18 + (-2)/(-9). Suppose -l = 3*o - 47, o + x*o - 17 = l. List the prime factors of o.
2
List the prime factors of 589/6 - (-2)/(-12).
2, 7
Suppose -4*f - 11 - 37 = 0. List the prime factors of f/(-32)*4*26.
3, 13
Suppose 4*v + 210 = 10*v. List the prime factors of v.
5, 7
Let p be 2 + -1 - 0 - 2. Let m(z) = -11*z**2 + 2*z. Let s(l) = -l. Let x(y) = -m(y) - s(y). What are the prime factors of x(p)?
2, 3
Let l be (-3 - 33/(-9))*3. Suppose l*k - 63 = -k. List the prime factors of k.
3, 7
Let n be (-2 - 2)/(-2 - 0). Suppose -n*m = -5*c - 8, -9 - 11 = -5*c. What are the prime factors of m?
2, 7
Let a(v) = 15*v**3 + v**2 + v - 1. Let f be a(1). Let s = f - -11. List the prime factors of s.
3
Let g(x) = 3*x + 3. Let z be g(-3). Let c(s) = 3*s + 7. Let a be c(-5). What are the prime factors of 3/z*a - 1?
3
Let p be (-1 - 34)*10/(-25). Suppose 3*r + 0 = b + p, 2*r - 2*b = 16. What are the prime factors of r?
3
Suppose 0 = 4*j - 2*j - 16. Let s be 1/(-4)*2*j. Let f = s + 6. What are the prime factors of f?
2
List the prime factors of (-2)/10 + (-2 - 2255/(-25)).
2, 11
Suppose 0 = -7*x + 2*x + 5. Suppose -s = s - 4. Suppose -x + 5 = s*i. What are the prime factors of i?
2
Suppose 2*k = -4 - 2. Let f = 4 + k. Let z = 2 + f. List the prime factors of z.
3
Let s(l) be the first derivative of -l**3/3 + 36*l + 6. List the prime factors of s(0).
2, 3
Let d(a) = a**3 + 9*a**2 + 11*a + 12. List the prime factors of d(-4).
2, 3
Let r(u) = 55*u. List the prime factors of r(1).
5, 11
Let y(a) = -a**2 - 8*a - 4. Let f be y(-3). Let q(i) = i - 13. Let c be q(18). Let w = c + f. List the prime factors of w.
2
Let n be 2/6*3*-6. Let v be 1*90*(-4)/n. Suppose v - 15 = 5*b. What are the prime factors of b?
3
Suppose m + 2 = -4*j + 2*j, -35 = -5*m + 5*j. Suppose -w + 0 = -m. Suppose -18 